e value of 1 - (0 + (-5 - -3))?
3
What is 8 + -17 + (12 - 4)?
-1
What is -6 - (3 + 1 + 0) - -4?
-6
(-1 - -5) + 2 + -10
-4
Calculate (4 - (8 + -2)) + 4 + 2.
4
6 + 2 + (-10 - -4 - 2)
0
What is the value of 6 + (6 - 8) - 3?
1
Calculate -10 + (-4 + -1 - -11).
-4
What is the value of (4 - 7) + 0 - -4?
1
Calculate (-6 - -4) + -11 + 12.
-1
Calculate 9 - 2 - (5 + 0).
2
What is the value of -4 + 7 - 1 - 1?
1
Evaluate -11 + 15 - (-2 + 1 + 0).
5
What is 17 + (2 - (4 + 11))?
4
Evaluate 12 - 11 - -1 - -2.
4
3 + -1 + (7 - 5) + 1
5
Evaluate 4 + -9 + (-5 - -8) + 2.
0
What is the value of -6 + (20 - 15 - (2 + 0))?
-3
Calculate -10 + 0 + 8 - (2 + -3).
-1
Calculate (0 - (-3 - -2)) + 1 + -2.
0
What is 0 + -5 - (-11 - (-1 + -4))?
1
1 - (-3 + 5) - 2
-3
What is the value of 3 - (3 + (-18 - -7 - -5))?
6
What is -2 + -3 + 1 - -5?
1
Calculate (1 - -1) + 0 + -6 + 1.
-3
Calculate -4 + (-2 - (0 - 1)).
-5
Calculate -3 + -7 + -3 + 7.
-6
What is the value of -1 - (4 - 1 - 6)?
2
What is (3 - 0 - 4) + -3?
-4
Calculate (-5 - (4 + -3)) + 4 + 4.
2
What is the value of -2 + -2 - (0 + 5 - 4)?
-5
3 + 1 + -8 - -4
0
(2 - -1) + -4 - (-42 - -38)
3
Calculate -4 - -3 - 3 - (-5 - -3).
-2
What is 2 + 1 - (3 - (8 - 6))?
2
-1 + (1 - 2) - (-9 - -5)
2
What is the value of -3 + 10 + -6 + 2 + 1?
4
What is 2 + -3 + 2 + 1 - 3?
-1
What is (-11 - (16 - 12)) + 26?
11
Calculate -3 - ((0 - -3 - 8) + 2).
0
Calculate -2 + -1 + 12 + -10 - -5.
4
Calculate -2 + 5 - 2 - -3.
4
3 + -1 - 1 - (0 + 2)
-1
Evaluate -1 + 2 - -4 - (-26 - -33).
-2
What is 0 + 4 + -7 + 2 + -6?
-7
What is the value of 20 + -20 - (3 - -1)?
-4
(2 + -3 - -5) + -4
0
What is the value of -68 + 72 - (6 - -1)?
-3
Calculate (0 - 7) + 3 - (13 - 13).
-4
-14 + 1 + -20 + 26
-7
Evaluate 0 - ((1 - -2) + 23 + -23).
-3
Evaluate 0 - 5 - (0 - (4 + -6)).
-7
What is 1 - (3 + -4) - (4 - 0)?
-2
What is (-4 - -1) + 4 - -4?
5
Evaluate 6 - (-4 - (8 + -19)) - -1.
0
(7 - 4 - -1 - -1) + 1
6
What is (1 - 0) + (3 - (-3 + 5))?
2
Evaluate -12 + 5 - (-2 + 4 - 12).
3
-5 + (0 - 0) + (-1 - -2)
-4
Calculate -3 - (-2 + (0 + 3 - -1)).
-5
What is (0 - (-1 - -2)) + 6 + -1?
4
What is -10 + 2 + 7 - (-1 + -2)?
2
What is the value of -2 + 1 + 2 - 0 - -1?
2
-3 - (-3 + (-11 - -3 - -6))
2
Evaluate -6 + 11 - 3 - 5.
-3
Evaluate 1 - (6 + -10 + 9).
-4
What is the value of (6 - -2) + (3 - 12)?
-1
0 + (-4 - -4) - 3 - 2
-5
Calculate (7 - 0 - 7) + (-3 - 4).
-7
(-34 - -8 - -9) + 9
-8
What is 1 + 2 - ((6 - 0) + 0)?
-3
Evaluate (6 - -5) + (-6 - 1).
4
What is the value of (-5 - -5) + (1 + 1 - 8)?
-6
Evaluate (-6 - 3) + (3 - -4).
-2
What is 10 - (8 + 6) - -8?
4
2 - (5 - 10 - -7 - -5)
-5
What is -3 + 5 - 5 - -5 - 0?
2
Evaluate 2 + 2 + -5 + (4 - 1).
2
What is the value of -12 + (-4 + 3 - -8)?
-5
(-12 + 12 - 9) + 7
-2
0 - (-6 - -7) - -7
6
Calculate -4 + 4 - -3 - -2.
5
What is the value of -9 + -6 + 7 + 0?
-8
-2 - (-2 - (1 - -1))
2
What is 2 + 4 + -5 - 5?
-4
Calculate 2 + 4 + -2 + -9.
-5
31 + -24 - (-4 - (-2 - 1))
8
What is the value of 3 + -1 + -2 + -1 + 6?
5
What is -74 - -90 - (13 - 0)?
3
Evaluate 4 + 14 + -9 - 4.
5
What is the value of (0 - -2) + (-9 - (-1 - 3))?
-3
What is (8 - 0) + -5 + -1?
2
What is 3 - (2 + (-2 - -1) + -1)?
3
Calculate 1 + (5 + -8 - 2) + 6.
2
What is the value of 7 + -2 + 2 + (1 - 10)?
-2
-1 - (0 + 0 + 4) - 0
-5
10 + 2 + 7 + -11
8
9 + (6 - (15 + 1))
-1
Evaluate 6 + 10 - 11 - -4.
9
What is 0 - -1 - -4 - (0 + 9)?
-4
Evaluate -3 + 7 - -1 - (0 + 0).
5
Evaluate 0 - ((1 - -4 - 9) + 3).
1
Calculate (39 - 41) + (-1 - -2).
-1
Evaluate 8 + -3 + -2 - 2.
1
What is 6 - 14 - -4 - 1?
-5
What is the value of 0 + (-1 + 0 - 3)?
-4
Evaluate (-1 - 1) + 3 - (-2 + 0).
3
Evaluate (5 - (3 - 1)) + -1.
2
0 - (1 - -6 - (4 + 2))
-1
-2 - (7 + -5 - -2 - 7)
1
What is -3 - -1 - (-10 - -12)?
-4
What is -8 + 11 + -4 + -6?
-7
3 - (2 + (1 - 4))
4
What is -3 + 0 - -3 - (-2 + 0)?
2
-3 + 3 + 1 - 3
-2
6 + (-2 - (3 + 0) - 0)
1
Calculate 4 + -8 - (-52 + 59).
-11
What is the value of -1 - (-5 + 4) - -8 - 3?
5
What is the value of (6 - 5) + -5 - (0 + 0)?
-4
What is 8 + (-11 - -1) - (-5 - 1)?
4
Calculate -4 - (-12 + 0 + 1).
7
Evaluate -4 - (3 + -1 + -3).
-3
What is the value of 0 + -1 + (-6 - -1) + 13?
7
(0 - -7) + -3 + -1
3
12 + -19 - (-4 + 3)
-6
Calculate 2 + (4 - 8) - (-3 - -4).
-3
Evaluate -29 - -41 - (16 + -4).
0
Calculate -4 + (-1 - 2 - -5).
-2
Calculate (3 - 2 - 8) + (-14 - -18).
-3
Evaluate -2 + -2 - (-31 - -22).
5
What is the value of 3 + 1 - (-38 - -37) - 6?
-1
0 + (-4 - (6 - 5)) + -1
-6
5 - (-5 + -13 + 15)
8
What is the value of (2 - 2) + -4 + (4 - 4)?
-4
Evaluate -11 + 11 + -2 - -6.
4
36 + -39 - (1 - 2)
-2
Evaluate (18 - 23) + 1 + -1.
-5
Evaluate 2 + 3 + 0 + -4.
1
106 - 114 - (1 - (6 - 1))
-4
What is the value of 3 - -8 - (-19 + 32)?
-2
What is the value of -8 + -6 + 8 + 6 - -9?
9
What is the value of (1 - -4) + -4 + -1 - 5?
-5
Calculate -4 - (3 + (-8 - -6) + 1).
-6
-7 - ((-5 - -10) + -8) - -4
0
(2 + -4 - -3) + -1
0
Evaluate -1 + (-2 - (-3 - 2)) + -2.
0
What is -3 + -5 - (9 + -20 - -14)?
-11
Evaluate -2 + 4 - 0 - (-1 - 1).
4
Calculate -4 + 7 + (-6 - (-4 + -4)).
5
What is (5 - -7 - 4) + -13?
-5
(13 - (3 + -2)) + -11
1
What is the value of (-2 - -1 - 0) + (21 - 25)?
-5
What is the value of 6 - (0 + -1 + (-2 - -6))?
3
What is -14 + 6 + 0 + (0 - -3)?
-5
-14 + -5 - -10 - -12
3
What is -11 - (-1 - 2) - (76 + -86)?
2
What is 0 - ((0 - (6 + -3)) + 1)?
2
What is the value of (9 - 2) + 44 + -55?
-4
What is the value of -3 + 1 - -4 - (0 + -2)?
4
What is 3 + -1 + (1 + 2 - 3)?
2
2 - ((2 - 5) + 1)
4
(-2 - -2) + (-8 - 2) + 4
-6
Calculate 0 + (-1 + -2 - -3).
0
(-17 - 2) + -9 + 20
-8
What is (3 + -1 + -5 - 0) + 3?
0
What is 0 + 5 + (-16 - -13) + 2?
4
-7 + -5 + 10 + 4
2
What is the value of 13 + -10 - (-4 - -6)?
1
-3 + -1 + (-2 - 4 - -4)
-6
10 + -17 + 2 - -7
2
What is 4 - 4 - -15 - 9?
6
-10 + 2 + (6 - 4) + 5
-1
What is -8 + 11 - (7 - 1)?
-3
Evaluate -2 + (4 - (3 - 0 - 3)).
2
Calculate -4 - -3 - (2 + -8) - 5.
0
Evaluate 0 + 2 + 2 + -1 + -1.
2
What is the value of (4 - 0 - -2) + -13?
-7
Evaluate -11 - (3 + (-4 - 4)).
-6
What is -1 - (-1 - -4 - 7)?
3
What is the value of 32 + -34 - (-6 - -2)?
2
Calculate (0 - (-13 - -7 - -11)) + 10.
5
What is -6 + (-1 - -7) + (-13 - -10)?
-3
What is 8 + 5 + -11 + (-1 - -2)?
3
Evaluate -7 + 0 + -3 + 9.
-1
Calculate 12 + (-11 - (14 + -8)).
-5
What is the value of -8 - (-8 + -5 + 4)?
1
Evaluate -3 + 1 + 21 + -15.
4
Evaluate (-21 - -8) + 16 - (-3 - 0).
6
Calculate -9 + 7 + 2 + 2.
2
-6 - (-7 - (4 - 10))
-5
What is 14 - (6 + 5 - 0)?
3
Evaluate -4 + -4 + -5 + 12.
-1
(4 - (14 - (3 + 2))) + 3
-2
1 + -10 + (5 - (6 + -5))
-5
What is the value of -5 + -6 + 8 + -3?
-6
(6 - (-6 - -3)) + -5 + 2
6
Calculate 2 - (1 - -3 - 9 - -1).
6
Evaluate 0 + 5 + -5 - 6.
-6
Calculate (5 - 1 - (16 - 11)) + -8.
-9
Evaluate 1 + 2 + -2 + 3 + -5.
-1
What is -40 + 49 + -9 + 0?
0
What is the value of 2 + 2 + (2 - 7)?
-1
Calculate -4 - (2 + -1 - 2) - -7.
4
Calculate -10 + 11 + -10 - (-19 + 2).
8
Evaluate -8 + (3 - (1 - 3)).
-3
Calculate 9 + -7 + (-5 - 3) + 8.
2
What is the value of 9 - (4 + -4 - -4)?
5
3 + 2 + (0 - 4) - 6
-5
What is (14 - -3) + (-13 - -1)?
5
What is the value of 1 + 4 + -1 + (11 - 11)?
4
Evaluate -7 - (-9 + 1 + 11 + -6).
-4
What is -3 + (6 - (-2 - -2))?
3
What is 4 + (-1 + 1 - 4)?
0
Evaluate 3 - -1 - ((-6 - -19) + -8).
-1
Evaluate -5 - (2 + -1 - (5 + -3)).
-4
What is the value of (-3 - (0 + 1 + 0)) + 3?
-1
(7 - 4) + -5 - (-1 + -2)
1
What is the value of -24 + 20 + (1 - 2) + -2?
-7
Evaluate -3 - -1 - (2 - 0 - -1).
-5
Calculate -15 - (2 - 3) - (-35 - -30).
-9
What is 7 - ((5 - -4) + -3)?
1
What is the value of -5 + -6 + (-9 - -3) + 25?
8
What is -1 - 0 - (18 - 20)?
1
Calculate (0 - 0) + 1 + -30 + 31.
2
-1 - (3 + -1 + (-8 - -1))
4
Evaluate -4 - -1 - (90 - 85).
-8
Calculate -7 + (1 - (2 + -7)).
-1
Evaluate 1 - (5 + 9 + -18).
5
What is the value of -6 + (2 + 8 - 4) + -6?
-6
What is the value of (22 + -30 - (-2 - -2)) + 6?
-2
170 + -163 + (-1 - 7)
-1
What is the value of 7 + 1 + -3 + -8?
-3
Calculate -3 + -1 - (2 + -2 - 0).
-4
What is -7 - (3 - (10 + -1))?
-1
Evaluate 1 - -2 - (0 + 0 + 3).
0
Evaluate (-3 - (8 + -4)) + (8 - 3).
-2
What is the value of (6 - 0 - -1) + -6 + 3?
4
What is the value of 5 + (2 - -3) + -4 + -2?
4
Evaluate 2 + (-48 - -41 - (-1 + -12)).
8
Calculate (4 - (6 - 0)) + -1 + 7.
4
Calculate -2 - (-3 + 5